23?
-20143020
In base 12, what is 3418b - -25b6?
36785
In base 10, what is 14046 + -743?
13303
In base 9, what is -15553554 + 31?
-15553523
In base 3, what is -111001201200022 + -10?
-111001201200102
In base 9, what is 1 - 471367265?
-471367264
In base 11, what is 71 + -2a02376?
-2a02305
In base 13, what is 2846b67c - 3?
2846b679
In base 9, what is -6 - 16341884?
-16342001
In base 4, what is -10003122002323 - 10?
-10003122002333
In base 11, what is -179266473 + 3?
-179266470
In base 10, what is -6485280 + 14?
-6485266
In base 12, what is 3425590a + 1?
3425590b
In base 12, what is -226391 - -5b?
-226332
In base 11, what is 56746 - -10345?
66a90
In base 2, what is -10 - -1010011111001001?
1010011111000111
In base 10, what is 180208 - -13?
180221
In base 4, what is -100121333132 - 11?
-100121333203
In base 6, what is -12 + 403401050?
403401034
In base 10, what is 102370 + 307?
102677
In base 14, what is -183 - d8b18?
-d8c9b
In base 5, what is -10 - -1423221144?
1423221134
In base 4, what is -20120 - -212331?
132211
In base 8, what is 560700 + -127?
560551
In base 8, what is 33243730 - -1?
33243731
In base 10, what is -2649447 + -6?
-2649453
In base 9, what is -1 - 50364823?
-50364824
In base 16, what is 5 - -1ac092a?
1ac092f
In base 7, what is -521653 + 412?
-521241
In base 2, what is -1000011000100001101001010 - -101?
-1000011000100001101000101
In base 4, what is 10002 + 223200332?
223211000
In base 7, what is 503156144 - -26?
503156203
In base 7, what is -554 - 465153?
-466040
In base 13, what is -cca - -17c8?
7cb
In base 11, what is -3 + 95a2473?
95a2470
In base 9, what is 6764 + 75233?
83107
In base 2, what is -10011111010100010101000011 - -10?
-10011111010100010101000001
In base 16, what is 5 + -8ad291?
-8ad28c
In base 8, what is -14366347 + 51?
-14366276
In base 6, what is -4 + -3422101?
-3422105
In base 12, what is 13b3a1 - -223?
13b604
In base 12, what is -a9 - -393833?
393746
In base 2, what is -101010010001011100 + 110010011?
-101010001011001001
In base 13, what is 172ac - 115?
17197
In base 8, what is 3 - 1221673061?
-1221673056
In base 15, what is -d6a2 - -c5?
-d5cc
In base 5, what is -1003112 + -103424?
-1112041
In base 16, what is -1 + -c9b045b?
-c9b045c
In base 14, what is 143 - -178b09?
178c4c
In base 15, what is 4a - b95d6?
-b958b
In base 11, what is 460100 - -31?
460131
In base 13, what is -628 - 2053?
-267b
In base 11, what is -359 + 123a?
991
In base 6, what is 12200 - -2413232?
2425432
In base 5, what is -11 - -320041323?
320041312
In base 15, what is -89 + -a0d14?
-a0d9d
In base 12, what is -1746a + -123?
-17591
In base 6, what is 145011405 - 2?
145011403
In base 6, what is -12054 - 3152233?
-3204331
In base 10, what is 91858 - 90?
91768
In base 11, what is -2 + 19329563?
19329561
In base 5, what is 1302232 + 121?
1302403
In base 4, what is 3312210010 - 12?
3312203332
In base 7, what is 11641024 - 35?
11640656
In base 9, what is -14725648 - -16?
-14725632
In base 7, what is -1 + 502244?
502243
In base 12, what is 121 + 40a485?
40a5a6
In base 11, what is a26038 - 31?
a26007
In base 7, what is -55 - 10522514?
-10522602
In base 8, what is -1066776457 + -3?
-1066776462
In base 4, what is 20222203 + 101212?
20330021
In base 2, what is -1011000111010101111011 - -100?
-1011000111010101110111
In base 7, what is 163613203 + -30?
163613143
In base 4, what is -1200321310331012 + -2?
-1200321310331020
In base 6, what is 5131 - 5525?
-354
In base 9, what is 41 + -11678842?
-11678801
In base 9, what is 0 + 16382632?
16382632
In base 5, what is -231 + -10212441?
-10213222
In base 2, what is 10011011101011111110110 + -100?
10011011101011111110010
In base 5, what is 4342 + 34043424?
34103321
In base 9, what is -166 - -101705?
101528
In base 15, what is -bb47c8 - -4?
-bb47c4
In base 5, what is -241323 + -2130114?
-2421442
In base 7, what is -4622 + -20243?
-25165
In base 6, what is -152432402 - 14?
-152432420
In base 13, what is -35 - -9a827?
9a7c2
In base 3, what is -1 + -1022020212202002?
-1022020212202010
In base 8, what is 11071511 + -24?
11071465
In base 2, what is -11001111100010 - 110110111110000?
-1010000111010010
In base 4, what is 1103 + -1221232?
-1220123
In base 2, what is 10001101100001 + 101001101000000?
111011010100001
In base 16, what is -ac90f + 1?
-ac90e
In base 7, what is 2 + -644163260?
-644163255
In base 7, what is -26566051 - 232?
-26566313
In base 14, what is 1a - 1d304ad?
-1d30493
In base 8, what is -43 + -24262721?
-24262764
In base 11, what is -541394 + -23?
-541407
In base 14, what is -8 - -bc73b4?
bc73aa
In base 10, what is 8 - 39422194?
-39422186
In base 5, what is 4 + 11144403?
11144412
In base 12, what is -2b + 21118b?
211160
In base 16, what is c63580 + -5?
c6357b
In base 9, what is 16685 + 18436?
36232
In base 3, what is -1101202022 + 11221112?
-1012210210
In base 9, what is 168756242 + -3?
168756238
In base 10, what is -1077 + 7762?
6685
In base 11, what is 2181 + 970?
3041
In base 2, what is -1000100100100110 + 100110010?
-1000011111110100
In base 4, what is 13 + 2212012122001?
2212012122020
In base 10, what is -51007 - -167?
-50840
In base 3, what is 12001120112222112122 + -11?
12001120112222112111
In base 8, what is 323 + 1037464?
1040007
In base 3, what is 2220211201102 - 120200?
2220211010202
In base 16, what is -4f - 225768?
-2257b7
In base 12, what is 14263 - -3757?
179ba
In base 13, what is -19678049 + -1?
-1967804a
In base 11, what is -66 - 56674?
-5672a
In base 8, what is -2152 + -44441?
-46613
In base 5, what is 13142 - 21120130?
-21101433
In base 8, what is 630 - -5302?
6132
In base 16, what is -169416f + 1?
-169416e
In base 12, what is -2749 - -1177?
-1592
In base 10, what is -163255 + 1651?
-161604
In base 7, what is 35215006553 + 2?
35215006555
In base 4, what is 33331221132 + -130?
33331221002
In base 10, what is -2015409 + -6?
-2015415
In base 7, what is 1024013313 - 1?
1024013312
In base 6, what is -21310051134 + -2?
-21310051140
In base 10, what is -41956 + 1676?
-40280
In base 15, what is -26a + 971d?
94a3
In base 5, what is 101102241024 - 0?
101102241024
In base 4, what is -31 + -3003231330311?
-3003231331002
In base 13, what is -276b59 + 7?
-276b52
In base 6, what is 340 - 4255103?
-4254323
In base 5, what is 40111232002 + -4?
40111231443
In base 10, what is 1 + -19146002?
-19146001
In base 14, what is 96 + -55529?
-55473
In base 8, what is -4 + 16206303?
16206277
In base 16, what is -32a + 15ab4?
1578a
In base 10, what is 6078649 + -4?
6078645
In base 10, what is -86258 + 294?
-85964
In base 11, what is 8228604 + -3?
8228601
In base 11, what is -4369 - -14423?
10065
In base 10, what is 3345 + -1707?
1638
In base 5, what is 3224322401 + -11?
3224322340
In base 5, what is 242 + -212213231?
-212212434
In base 7, what is -33050154 + -2?
-33050156
In base 13, what is 7674b895 + -1?
7674b894
In base 5, what is 20 + 13314112224?
13314112244
In base 4, what is -1 - -133313110232?
133313110231
In base 6, what is 2 - 225143140?
-225143134
In base 13, what is -5a9b3b + b?
-5a9b30
In base 6, what is 10120342 + 2?
10120344
In base 3, what is 12110120211 - -1122?
12110122110
In base 12, what is 29b4b9 - 142?
29b377
In base 10, what is 124 - 5758?
-5634
In base 11, what is 2605038 - -4?
2605041
In base 7, what is 2353 - 44020?
-41334
In base 3, what is 202120122 - -112002?
210002201
In base 9, what is 0 + 8720026?
8720026
In base 10, what is -47569 + -11696?
-59265
In base 5, what is 2140 - -1114104?
1121244
In base 16, what is c751 + -7f?
c6d2
In base 6, what is 1513500443 - 25?
1513500414
In base 4, what is 132 + -210310132332?
-210310132200
In base 13, what is -15320 + 108?
-15215
In base 11, what is -244a72 - 357?
-245319
In base 7, what is 1145022 + 264?
1145316
In base 4, what is 1 - 2031301201310?
-2031301201303
In base 9, what is 11 - 45303734?
-45303723
In base 12, what is 2 - -ba9972?
ba9974
In base 9, what is 15 + 700666?
700682
In base 4, what is 31 - -320233033?
320233130
In base 14, what is -4c + -282071a?
-2820768
In base 3, what is -1112000222 - -222210011?
-112020211
In base 4, what is 223203 - 22223321?
-22000112
In base 9, what is 3 - 3534450?
-3534446
In base 8, what is 33 - 276144?
-276111
In base 16, what is -ebe049 - b?
-ebe054
In base 10, what is -5 - 9836998?
-9837003
In 